{"version":"1.0","provider_name":"Karaj receptek","provider_url":"https:\/\/karaj.cafeblog.hu","author_name":"A konyha \u00f6rd\u00f6ge","author_url":"https:\/\/karaj.cafeblog.hu\/author\/urbancsilla73gmail-com\/","title":"Kar\u00e1csonyi \u00fcdv\u00f6zlet","html":"<p style=\"text-align: center\">Ezzel a saj\u00e1t k\u00e9sz\u00edt\u00e9s\u0171 bejglivel szeretn\u00e9k Mindenkinek \u00e1ldott, b\u00e9k\u00e9s kar\u00e1csonyi \u00fcnnepeket k\u00edv\u00e1nni!<\/p>\r\n[caption id=\"attachment_100\" align=\"aligncenter\" width=\"340\"]<img class=\" wp-image-100\" src=\"https:\/\/karaj.cafeblog.hu\/files\/2020\/12\/bejgli-300x225.jpg\" alt=\"\" width=\"340\" height=\"255\" \/> saj\u00e1t fot\u00f3[\/caption]","type":"rich"}

A konyha ördöge

Karácsonyi üdvözlet

<p style="text-align: center">Ezzel a saját készítésű bejglivel szeretnék Mindenkinek áldott, békés karácsonyi ünnepeket kívánni!</p>
[caption id="attachment_100" align="aligncenter" width="340"]<img class=" wp-image-100" src="https://karaj.cafeblog.hu/files/2020/12/bejgli-300x225.jpg" alt="" width="340" height="255" /> saját fotó[/caption]
